1*z - 421*z + 111290. Is z a composite number?
True
Suppose -4*s - s = -2*j - 21483, 5*j = -3*s + 12865. Suppose -2*f + u = -2687 - s, 6982 = 2*f - 2*u. Is f prime?
True
Suppose 60*o - 15518218 = -4673038. Is o a composite number?
True
Suppose r = 5*q + 25 - 9, -4*r + q = -7. Suppose 0 = -2*w - 2*w. Is (4 + -401)*(r + w)*-1 a composite number?
False
Let d be ((-127)/1 + 0)/((-1)/(-38)). Let q = d - -1697. Let b = -2222 - q. Is b a composite number?
False
Let m(c) = -c**2 + 71*c + 76247. Is m(0) a prime number?
False
Let v(x) = 88*x - 5. Let i be v(6). Suppose 2 = -s - 2*p + 12, 5*s = -3*p + 22. Suppose -i - 939 = -s*g. Is g a prime number?
False
Let b(j) = -23*j**3 - 1. Let q be b(-1). Suppose 3*n - q = -4*s, 2*s = -3*n - 3*s + 26. Suppose n*o + 2*a - 891 = 3*a, -5*o - 4*a = -2247. Is o composite?
True
Let u = 32693 + -11896. Suppose 3*b - 8974 = -3*w + 3506, -5*b - 4*w = -u. Suppose 4 = -2*z, 2*z = -3*n + b + 1893. Is n composite?
True
Let o = 75 + -71. Suppose -3*z + o = -11. Suppose z*c = -0*c - 3*a + 1039, 0 = -c - a + 207. Is c prime?
False
Let k = 37 + -16. Let b be ((-18)/(-4))/(k/61684). Suppose 0*n + 6*n - b = 0. Is n a composite number?
False
Suppose 43*s - 187577 + 31014 = 0. Is s a composite number?
True
Suppose 72150 = 2*p - 2*f - 41888, 2*p + f - 114050 = 0. Is p composite?
True
Let s be (-2)/(5/(-30)*4) - 327. Let r(b) = 447*b**2 - 4*b + 3. Let z be r(2). Let w = s + z. Is w a prime number?
True
Let t(u) = 1864*u**2 - 1102*u - 19. Is t(-15) a composite number?
True
Let p(r) = 38 + 24*r + 29*r**2 - 24 - r**3 - 21. Is p(24) a composite number?
False
Let p be (-11)/(22/812) - -1. Let u = p + -37. Let h = 1655 + u. Is h a composite number?
False
Let d(s) = s**2 - s + 1. Let l be d(-3). Suppose 232*u = 162*u + 980. Suppose -u*i = -l*i - 685. Is i a prime number?
False
Suppose -13*d = -243*d + 32212190. Is d prime?
True
Let n(w) be the second derivative of -w**8/1344 - w**6/180 - w**5/30 + 11*w**4/12 - w. Let o(t) be the third derivative of n(t). Is o(-5) a composite number?
False
Let f(c) = -24*c + 96. Let d be f(28). Let i = 1097 + d. Is i prime?
True
Suppose -5*f + 0*f = 4*i - 120, -3*i + 3*f + 90 = 0. Is -41*(-1 - i)/1*1 prime?
False
Let d be (-728468)/(-26) + -5 + 0. Suppose 2*h + d = -9935. Is h/(-14) - 16/56 a composite number?
True
Suppose 10*a = -6*a - 453888. Is (-44 + a)*7/(-4) a prime number?
False
Let v = 88 + -85. Let t be (2/v*-691)/(2/(-3)). Suppose -578 = -9*d + t. Is d a composite number?
True
Is 427170*(-22 - -24) + 11 a prime number?
True
Suppose 58*x - 2*x - 1152081 + 207977 = 0. Is x a prime number?
False
Let k(m) = -12*m - 36. Let o be k(-2). Is ((-116)/o + -10)*(1 - 16312) prime?
True
Let c(f) = 15*f**3 - 12*f + 5. Let d(r) = r**3 - 13*r**2 + 15*r - 32. Let j be d(12). Is c(j) prime?
False
Let z(r) = -23188*r**3 + 6*r**2 + 35*r - 8. Is z(-3) a prime number?
False
Let a(l) = -2*l**2 - 25*l - 69. Let b be a(-7). Suppose -b*v - 18*v + 144066 = 0. Is v composite?
True
Suppose -79*k - 8283357 + 34728686 = 0. Is k prime?
True
Let j = -867 - -1311. Let c be (-7785)/25 + (-3)/(-15)*2. Let u = c + j. Is u a prime number?
False
Let g(c) = 49*c - 84. Suppose 0 = -3*q - 2*k + 71, -q + 23 = -2*k + 3*k. Is g(q) composite?
True
Let h(r) = 5914*r + 1171. Is h(19) prime?
True
Suppose 4*s = 20 - 0. Suppose -16033 = -2*u + s*h, -2*u - 4*h + 16042 = -0*u. Let n = u + -4448. Is n a prime number?
True
Let x(z) = z**2 - 16*z + 32. Let n be x(15). Let y(r) = 26*r**2 + 13*r + 12. Is y(n) a composite number?
True
Let d(c) = 21*c**3 - 7*c**2 + c - 1. Let m be d(5). Is m - (15/3)/5 a composite number?
True
Is 484923 + -8 - -13 - 7*1 a composite number?
True
Let q be (16/(-80))/(0 + (-2)/30). Is q/(-2)*(-15)/((-225)/(-93110)) a prime number?
True
Let b = 787 - -32722. Is b a composite number?
True
Let w be (-4 + 1)/(-1) + (-155)/(-1). Suppose -7*h + 2*h + 455 = 0. Let x = w - h. Is x a composite number?
False
Let s = 3515 - -4544. Is s prime?
True
Suppose -n = a - 5706, 4435 = n - 4*a - 1276. Let u = n + -2280. Is u a prime number?
False
Suppose 0 = q + 5*o - 18 - 7, 4*o = -5*q + 41. Let n be -6 + q + 3256 + -2. Suppose -g = 2*r - 3*r + 1634, 2*r - n = 5*g. Is r composite?
True
Let f be 159/106 + 6/4. Suppose -2*m + 163 = i, 2*m = -3*i + 4*m + 457. Suppose -400 = -f*v + i. Is v a prime number?
False
Let a = 141722 - 61496. Suppose -a - 15562 = -28*d. Is d prime?
False
Let d(a) = 10*a**3 - 19*a**2 + 20*a - 38. Let m = 756 + -747. Is d(m) prime?
False
Let v(k) = 317*k + 18839. Is v(0) composite?
False
Let k(p) = -361*p + 48. Let r(z) = 363*z - 50. Let q(g) = -5*k(g) - 6*r(g). Is q(-13) composite?
False
Let a be (4 + (-72)/20)/(2/10). Suppose 3*j = 3*i + 3 + 639, 0 = -a*j + 10. Let o = 298 + i. Is o composite?
False
Suppose -d + 4*s - 15 = -5, 5*d - 5*s + 5 = 0. Let y(q) = -47*q**3 - 3*q**2 - 3*q + 2. Let m be y(d). Let a = -193 - m. Is a a composite number?
False
Let g be (40 - 38)*(-23)/(-2). Is (g + -132101)*1/(-6) composite?
False
Is ((-14)/(-21))/((-23)/(96000045/(-10))) a prime number?
True
Let h(m) = -m**3 + 10*m - 13*m**2 + 13*m - 7 + m**2 + 1. Let w be h(-8). Let q = -229 - w. Is q a prime number?
False
Is (45/18)/((-65)/(-703534)) prime?
True
Suppose 15*o = q + 12*o - 16, 0 = -4*q - 4*o. Let u(j) = 195*j - 37. Is u(q) prime?
True
Let q(g) = g**2 - 21*g + 24. Suppose -47 = -6*i + 73. Let t be q(i). Suppose t*b - 4065 = 619. Is b a composite number?
False
Let z(r) = 167*r**2 - 11*r + 29. Let c be z(10). Suppose 34300 = 33*o - c. Is o prime?
True
Suppose -215*q + 155*q = -9210540. Is q prime?
True
Let l(o) = 5*o**3 + 15*o**2 - 111*o + 87. Is l(8) a prime number?
True
Let c(a) = 23915*a**2 - 1785*a - 13. Is c(10) a composite number?
True
Let n be (-4)/(-16) + ((-15729)/4 - 2). Let q = 6316 + n. Let k = q - 421. Is k prime?
False
Is (1 - 6/(-12))/(9/392322) composite?
True
Let v = 32477 + 161764. Is v a prime number?
False
Let x(b) = b**3 - 10*b**2 + 23*b + 25. Let k be x(16). Is -1 + k + (-252)/(-28) composite?
True
Suppose -10*o = -o + o. Suppose 5594 = 4*f + 5*g - 2932, o = f - 5*g - 2119. Is f a composite number?
False
Suppose -175302 = 45*f - 537057. Is f a composite number?
False
Let r(t) = 2*t**2 - 5*t + 2. Let l be r(0). Suppose -l*p - 14*u + 11*u + 904 = 0, 5*u + 1764 = 4*p. Is p prime?
False
Let n(f) = 50*f - 63. Is n(19) a composite number?
False
Suppose 2*d + 4*t - 39791 = 55799, 0 = 13*d - 2*t - 621279. Is d composite?
False
Let l(h) = 12*h**3 - 5*h**2 + 5*h - 36. Let c be l(8). Suppose 67*b - 63*b - c = 0. Is b composite?
True
Let n(h) = h**3 + 23*h**2 - 29*h - 52. Let p be (-41)/2 - 2/4. Is n(p) a composite number?
False
Let u = -33 + 35. Suppose u*l = -47 + 17. Is (-887)/(-3) + (10/l - 0) composite?
True
Let v be 4 + -1 - (-2 - -31). Let r = v - -32. Suppose -10*d = -r*d - 1356. Is d a prime number?
False
Let i = 849 + 2776. Suppose -z - i = z - 3*c, -z - 2*c = 1830. Let a = 279 - z. Is a a prime number?
True
Let z(n) = -163*n + 202. Let f(r) = 41*r - 50. Let d(o) = 9*f(o) + 2*z(o). Is d(27) prime?
False
Let h = 45915 + -30514. Is h a composite number?
False
Suppose -25*k + 35552 = -915423. Is k composite?
False
Let r(h) = 189920*h**3 + 39*h - 40. Is r(1) a prime number?
False
Let s = -362694 - -514007. Is s a composite number?
True
Let k = -34028 - -53199. Is k prime?
False
Let k(s) = 348*s**2 - 1241*s - 64. Is k(51) a prime number?
True
Let c(f) = 2862*f**2 + 8*f + 683. Is c(13) a composite number?
True
Let h(d) = 11761*d**2 - 7*d - 1. Let c(m) = 5880*m**2 - 3*m. Let q(i) = 5*c(i) - 2*h(i). Is q(1) composite?
False
Let x = 177427 - 94836. Is x a prime number?
True
Let g(d) = 32*d**2 - 2*d + 43. Let w be g(5). Suppose 0 = 2*q - 4, h = -0*q - q + w. Is h prime?
False
Let l(r) be the second derivative of -16*r - 29*r**3 - 1/2*r**2 + 0. Is l(-4) a composite number?
True
Suppose f - 53589 = -3*p, -379*f + 375*f + 214356 = -2*p. Is f a prime number?
False
Suppose -3 + 0 = -3*h. Let y(u) = -288*u**2 + 16*u - 46. Let z be y(4). Is (h - -1)*(z/(-12) + 1) prime?
False
Let w = 40563 - 21736. Is w a prime number?
False
Let l = -3119678 - -4574479. Is l a prime number?
True
Let h be (-4426 + 7)/((-6)/20). Suppose 21*p - h = -9*p. Is p composite?
False
Let k be -3*(-5)/((-30)/(-4)). Suppose 4*b - 12*s - 10568 = -7*s, -7933 = -3*